63*p**3 - 1. What is the tens digit of i(1)?
6
Let x = -10 + 44. What is the tens digit of x?
3
Suppose 4*m = -s + 2, -8*s + 44 = -4*s - 2*m. Suppose -5*l + 6 = -2*l. Let d = l + s. What is the tens digit of d?
1
Let i(n) = 22*n + 2. What is the tens digit of i(4)?
9
Let f = -7 - -11. Let d be f/10 + (-24)/(-15). What is the units digit of (2 + (5 - d))*1?
5
Suppose -4*h = -5*w + 42, 0 = 3*w + 3*h + h - 6. Suppose 0 = m - w*m + 165. Let j = m + -23. What is the tens digit of j?
1
Let b(p) = 27*p**2 + p. What is the tens digit of b(-1)?
2
Let a be (-8)/12 - (-52)/6. Suppose 5*l + 48 = a*l. What is the tens digit of l?
1
Suppose -g - 7 = -21. Let u = 11 - 7. Suppose -u*j = -3*j - g. What is the units digit of j?
4
Let l(m) = m**2 - 7*m - 2. Let w be l(7). Let f = 25 + w. What is the units digit of f?
3
Suppose -2*z = -5*q + 19, 0*z - 4*q = 3*z + 40. Let p = 28 + z. What is the tens digit of p?
1
What is the tens digit of 93/(-9)*12/(-2)?
6
Suppose 2 = -0*x + x. Suppose x*s - 9 = -s. What is the units digit of s?
3
What is the units digit of (-5)/10*-4 + 2?
4
Let o(s) = -s**3 - s**2 - s + 18. Suppose -3*f = -m + 3, 3*f + 6*m - 3*m - 9 = 0. What is the units digit of o(f)?
8
Let g(p) = p**2 - 8*p + 9. Let j be g(7). Suppose 0 = 5*w - w. Suppose -10 = -j*f - w. What is the units digit of f?
5
Suppose 3*o = 5*i + 66, -82 = 4*i - 4*o - 26. Let j be ((-60)/(-11 + 5))/(4/(-2)). Let g = j - i. What is the units digit of g?
7
Let a(r) = r**3 - 10*r**2 + 13*r - 9. Let b be a(8). What is the tens digit of (-1)/(69/b - -2)?
1
Suppose 0 = 5*z - 6*o + o - 1160, -5*o + 492 = 2*z. What is the units digit of z?
6
Let w(r) = -2*r. Let b = -2 - 5. What is the units digit of w(b)?
4
Suppose 0 = -3*u - 0*u - 72. Let y = -17 - u. What is the units digit of y?
7
Suppose -4 = -5*l + 3*l, -3*o = -2*l - 554. What is the units digit of o?
6
Let x = 514 + -312. Let n = x - 97. What is the units digit of (4/10)/(3/n)?
4
Suppose h = 2*l - 8, -2*l + 24 = -4*h + 2*l. Let v = -4 - h. Suppose 0 = 2*f + 4*t, 2*f - 9 = -v*f - t. What is the units digit of f?
6
Suppose -4*u + 24 = 4*r, 80 = 5*u - 3*r - 2*r. What is the units digit of u?
1
Suppose -7*x = -8*x + 57. What is the tens digit of x?
5
What is the units digit of 6/12 - 45/(-2)?
3
Suppose -7 - 8 = 5*h - 5*s, 0 = -3*h - 3*s - 3. Let n be (-4)/(-6) - 1/(-3). Let f = n - h. What is the units digit of f?
3
Suppose 3*l - l = 2*z - 18, 4*l = -5*z. Suppose 0 = 2*a - 6, -3*n - 1 = -z*a + 182. Let p = 80 + n. What is the units digit of p?
3
Suppose -n + 3 = -1. Suppose -l + s + n = 0, -4*s + 0 = -l + 1. Let o = l - -7. What is the units digit of o?
2
Let f be 0*(0 + -3)*(-1)/(-3). Suppose -3*y + 6 = 2*g, -4*g = 5*y + 5 - 19. Suppose 3*v - 60 = 5*n, f = -3*n + n - g. What is the tens digit of v?
1
Let s = 0 - 2. Let i = s - -3. What is the units digit of i?
1
Suppose -3*c - 2*n + 227 = 0, 4*n - 69 = -4*c + 3*c. What is the units digit of c?
7
Let k(a) = -5*a - 8. Let b be k(-7). Suppose -b = -m - 2. What is the tens digit of m?
2
Suppose -4*t - x + 2 = -1, -2*x + 6 = -4*t. Suppose -2*o + 2*b + 9 = -13, -3*o + 4*b + 36 = t. What is the units digit of o?
8
Suppose -7*u = -9*u - 4*t + 188, -143 = -2*u + 5*t. What is the tens digit of u?
8
Let j = -12 + 20. Suppose -4*y = -2*r - 2*r - j, 2*r - 3*y + 6 = 0. Let w = r - -2. What is the units digit of w?
2
Let t = -750 - -1071. What is the units digit of t?
1
Suppose 7*v = 8*v + 1. Let f(m) = -m**2 - m - 1. Let y(s) = -10*s**3 + 3*s**2 + 4*s + 4. Let b(c) = 3*f(c) + y(c). What is the units digit of b(v)?
0
Let y be (4/3)/(1/(-6)). Let w = -5 - y. Suppose -w*k = 4*z - 8*k - 3, -15 = -3*k. What is the units digit of z?
7
Let w(r) = 2*r**2 + 10*r + 7. What is the units digit of w(-7)?
5
Suppose 3*g - s - 88 = 0, -3*g - 5*s = -130 + 30. What is the tens digit of g?
3
Let v = -1 - 2. Let m(o) = -o + 2. Let a be m(v). Suppose 9 = a*p - 11. What is the units digit of p?
4
Let m(l) = -1 + 5*l - l - 3*l. Let h be m(3). Suppose -2*n = h*t, 2*t - 15 = -n + 4*n. What is the units digit of t?
3
Suppose 4*p = -3*q - 62, -5*q + 4*p - 189 = -75. Let n = q - -37. What is the units digit of n?
5
Suppose -3*p + 23 = -7*y + 2*y, 3*p = -4*y - 40. Let z(b) = b**3 + 6*b**2 - 8*b - 1. Let h be z(y). Suppose -h - 1 = -q. What is the units digit of q?
7
What is the tens digit of 2/(-8)*134*-2?
6
Suppose -22 = -r + 28. What is the units digit of r?
0
Suppose 2*f + v = 3*f + 1, 4*f = -3*v + 24. Suppose -5*m = d - 30, 2*d = f*m + 37 + 23. Let x = d + -21. What is the units digit of x?
9
Suppose 0 = 2*n - 5*q - 54, 0 = n - 3*n - 2*q + 26. What is the tens digit of n?
1
Suppose 6*t = -23 + 401. What is the tens digit of t?
6
Let t(w) = -w**3 - 4*w**2 + 5*w + 3. Let m(q) = -q**3 - 9*q**2 + 2*q + 13. Let n be m(-9). What is the units digit of t(n)?
3
What is the units digit of ((-7)/(-2))/((-19)/(-228))?
2
Let d(g) = 2*g - 4. Let x be d(2). Suppose x = 4*n - 139 + 43. What is the tens digit of n?
2
Let f(o) = o**3 + 8*o**2 + 5*o + 9. Let n = -12 - -5. What is the units digit of f(n)?
3
What is the units digit of 14/(-35) + (-1281)/(-15)?
5
Let i = -30 - -44. Suppose 3 + 4 = -n. Let d = n + i. What is the units digit of d?
7
Let a = -4 + 8. Let l be 8/(-6)*9/6. Let r = l + a. What is the units digit of r?
2
Let h(k) = -6*k**2 + 2*k + 1. Let m be h(-1). Let c = m + 12. Suppose -30 = -5*y + c*t, -2*y + 16 = y - t. What is the units digit of y?
5
What is the units digit of (-2)/12*74*-3?
7
Let k(f) = 19*f - 1. What is the tens digit of k(1)?
1
Let n be (-4)/(-22) + 20/11. Suppose 4*d - s = 4*s + 65, -29 = -n*d - s. What is the tens digit of d?
1
Let i(t) = -t - 10. Let g(o) = -o - 9. Let j(d) = -4*g(d) + 3*i(d). What is the units digit of j(8)?
4
Suppose -4*w = -5*w + 49. What is the tens digit of w?
4
Let h(r) = r**3 - 3*r**2 - 5*r. Let a be h(4). Let w be a/(-6)*(0 + -3). What is the units digit of 13 - 1 - (-4)/w?
0
Suppose -3*c - 1 = -7. Suppose -c*f - 20 = 3*f. What is the units digit of -2 - f/1 - -13?
5
Let w(x) = -3 + 8*x + 4 + 2*x + 4*x. What is the units digit of w(3)?
3
Suppose 3*q - 149 = -4*z, 2*z + q - 55 = 6*q. Suppose -d = d - 20. Suppose -5*u = -d*u + z. What is the units digit of u?
7
Let h(t) = -t**2 + 5*t - 1. Let y be 5/10*6/1. Let g be h(y). Suppose -l - 8 - 3 = -2*x, 10 = g*x + l. What is the units digit of x?
3
Suppose 3*k - 2*d - 258 = -0*k, 0 = -2*d - 6. What is the units digit of k?
4
Let x = -49 - -135. What is the tens digit of x?
8
Let a(z) be the third derivative of -z**5/60 - z**4/6 + z**3/3 + 6*z**2. Suppose 0 = 3*d + 4*i + 12, -11 = 5*d - 5*i + 9. What is the units digit of a(d)?
2
Suppose -4*a = -2*j - 8, -3*j - a + 2 = 2*j. Suppose 2*w = -j*w + 82. What is the tens digit of w?
4
Let h(m) = m**2 + 5*m + 5. Suppose -5*o - 4 = -29. Let r = 0 - o. What is the units digit of h(r)?
5
Let z = 702 - 415. What is the units digit of z?
7
Suppose 0 = 3*i - 8*i + 215. What is the tens digit of i?
4
Let a(u) = 7*u**3 + u**2 - u + 1. Let h be 16/(-10) + (-9)/(-15). Let t be (-2)/h*2 + -3. What is the units digit of a(t)?
8
Let y(d) = -d**3 - 2*d**2 + 5*d. Let o = -7 - -3. Let q be y(o). Let k = 20 - q. What is the units digit of k?
8
Suppose 4*k = -k, 2*c - 4 = 5*k. Suppose 4*g + 10 = c*i, i - 4*i = 2*g - 15. Suppose g = -6*h + 3*h - 4*v - 1, -3*h + 5*v = -35. What is the units digit of h?
5
Suppose -4 = -u, -4*u + 140 = 2*w - u. Suppose -10 = -5*h, 3*n - 2*h + h - w = 0. What is the units digit of n?
2
Suppose 2*s = -0*s + 66. What is the tens digit of s?
3
Let t(a) = 11*a**2 - 1. Let p be t(-1). Let w = 2 + p. What is the tens digit of w?
1
Let i(s) = -s**2 - 1. Let w(z) = -5*z**2 - z + 4. Let l(t) = 3*i(t) + w(t). Let m be l(1). Let x(f) = -f + 1. What is the units digit of x(m)?
9
Let r(n) = 153*n**3 + 3*n**2 - n. What is the tens digit of r(1)?
5
Let q = 194 - 353. What is the units digit of q/(4 + -7) - 4?
9
Suppose 2*l - 2*d = d + 25, 0 = 4*l - 2*d - 30. Let y be (-2)/(-4) + (-106)/(-4). Suppose -l*p + 68 = -y. What is the tens digit of p?
1
Suppose -5*k + 388 + 317 = 0. What is the units digit of k?
1
Let m = 4 + -3. Suppose -3*g - 4*x + m = 3, 2*g - 2 = -x. Suppose -3*c + 3*h = 7*h + 9, 5*h = g*c - 17. What is the units digit of c?
1
Let d = 11 + -4. Let q = -5 + d. Suppose q*o - 12 = -0. Wh